 = b + 6. Suppose 4*c - w - 37 = 0, -c + w + f*w = 2. Is c prime?
False
Suppose 1546 = 3*n - 1175. Is n a composite number?
False
Let o = 1980 + -426. Is ((-1)/(-3))/(2/o) composite?
True
Is (-18)/(-90) + 2344/5 composite?
True
Let i be (-6)/3*54/(-4). Suppose 107 = 2*w - i. Is w composite?
False
Let w be (26 - (-4)/(-2))*-24. Let h = w - -1105. Is h prime?
False
Let s(c) = 82*c**2 + c + 2. Is s(-1) composite?
False
Suppose -2*k = -4*k + 614. Is k a prime number?
True
Let l(r) = -2*r + 8. Let s be 448/77 + 4/22. Let g be l(s). Is (-10)/g*42/3 a composite number?
True
Let h be 30/4*2/1. Suppose 0 = -5*s + 3*q + 6 + h, 0 = 2*q + 4. Suppose -5*z = s*x - 430, 3*z - 4*x = x + 292. Is z a composite number?
False
Let q(r) = 2*r - 9. Let o be q(6). Suppose 4*k + 0*k = 5*m - 1509, -o*k = -5*m + 1508. Is m a prime number?
False
Let s(i) = 2*i + 11. Let z(q) = q**2 + 6*q - 5. Let r be z(-5). Let f be r/(-2)*2/1. Is s(f) composite?
False
Let n = 1015 - 722. Is n prime?
True
Let n(q) = -q**2 - 4 - q + 2 - 6*q. Let c be n(-5). Is 10/c*60/3 prime?
False
Let t(s) = s**3 - 12*s**2 + 4*s - 12. Let p be t(7). Let r = -132 - p. Is r prime?
True
Suppose 0*g - 3 = -5*t - 4*g, t - 5*g = 18. Let v = t - 0. Let k(l) = 4*l**3 - 4*l + 1. Is k(v) prime?
True
Let j(o) = -7*o**2 + 6*o - 7. Let s be j(3). Let l = s + 139. Is l composite?
True
Let h be 2*(375/(-2) + 1). Let u = -224 - h. Is u composite?
False
Let h = 37 + 48. Suppose 0 = 2*v + 21 + h. Let s = v + 132. Is s a prime number?
True
Let k be (-6)/2 - 234/(-9). Let j = k - -64. Is j a prime number?
False
Let d(n) = -n**2 + 8*n - 7. Let t be d(6). Suppose -2*c + 2248 = 4*a, 7*a - 2*a = t*c + 2825. Is a composite?
False
Let c(u) = -3*u**2 - 2*u + 3. Let b = -6 + -3. Let n be c(b). Is ((-14)/(-21))/((-4)/n) a composite number?
False
Suppose 2034 + 64 = 2*b. Is b prime?
True
Let f(g) = g**2 - 2*g - 1. Let j be f(3). Is 43/j + 3/6 a prime number?
False
Suppose 4*x - 5*x = -5*l - 65, 0 = 3*l + 15. Suppose -q + x = -5*q. Let y = q - -14. Is y prime?
False
Let x(a) = 472*a - 1. Let n be x(1). Let m be n*1 - (4 - 2). Suppose 4*c + m = 5*s, -5*c + 132 + 82 = 2*s. Is s a prime number?
True
Let n(k) = 29*k + 5. Let w be n(-4). Let a = w + 8. Let c = -56 - a. Is c composite?
False
Let j(i) = 3*i - 3. Let l be j(2). Suppose l*x - 209 = 424. Is x a prime number?
True
Suppose 3 = -3*g, 18 = 4*b - 3*b + g. Suppose -12 = -4*o - 0*o. Suppose 2*a = o*a - b. Is a prime?
True
Suppose -4*u + 336 = -1828. Is u a prime number?
True
Is (-18)/81 + (-5422)/(-18) composite?
True
Let h(i) = 66*i**2 + 17. Is h(4) prime?
False
Let j(q) be the second derivative of 3*q**3 + 5*q**2/2 + 5*q. Suppose a - 1 = 2*o + 12, 4 = 4*a + 4*o. Is j(a) a prime number?
False
Suppose -c - 3*c - 1597 = -3*o, 4*o - 2148 = -4*c. Is o composite?
True
Let g(o) = -2*o + 22 - 2*o + 5*o. Let d be g(0). Let v = 35 + d. Is v a prime number?
False
Suppose 83 = 4*s - 65. Is s a composite number?
False
Let z = 30 - 17. Let h = z - 8. Suppose c + 0*k = 3*k + 17, 23 = 3*c + h*k. Is c a prime number?
True
Let s(a) = a**3 - 13*a**2 + 10*a - 21. Let n be s(12). Suppose 380 = 3*h + 2*h. Let i = n + h. Is i prime?
True
Let q(s) = 2*s**2 - 3*s**3 + 1 - s + 4*s**3 - 3. Let j be q(-2). Suppose t = -j*t + 31. Is t composite?
False
Suppose 0 = d - 3*d + 2074. Is d prime?
False
Let l be (-2)/(((-9)/(-6))/(-3)). Suppose -3*c + 3*w + 951 = 0, 6 = -l*w + 22. Is c prime?
False
Suppose 3*y - 1515 = -3*w, 8*w - 4*w + 2*y - 2016 = 0. Is w a prime number?
True
Suppose 2*k + 18 = 8*k. Is (5/2 - k)*-114 composite?
True
Let g(v) = v**3 + 4 - 5*v + 7*v - 1 + 2. Is g(4) composite?
True
Let x(j) = 4*j**2 - 4*j - 4. Let t be x(5). Let r be 1/(2/(-4)*-1). Suppose -t = -4*g + r*g. Is g a prime number?
False
Let u = 5 - 6. Is 4/(-2) - (-50 - u) prime?
True
Let h be (1/2)/((-2)/40). Suppose 2*o + 90 = 18. Let t = h - o. Is t prime?
False
Is -2 + 35/10*18*11 prime?
True
Let f(x) = 29*x - 17. Let j be f(17). Suppose 3*h - j = 97. Is h a composite number?
False
Suppose 0 = 2*x - 2*b + 148, -5 = -4*b + 3. Let o = -39 - x. Is o composite?
True
Suppose -74 = -4*z + 146. Suppose v - z = -4*v. Is v a composite number?
False
Let h = -15 + 138. Is h a composite number?
True
Let q = 0 + 2. Suppose 2*s + 8 = 3*n, -6 = q*s - 0*s - 2*n. Let b(d) = -156*d + 1. Is b(s) prime?
True
Let q(l) = -66*l**3 + 5*l**2 - 23*l - 4. Let j(x) = -22*x**3 + 2*x**2 - 8*x - 1. Let v(s) = -17*j(s) + 6*q(s). Is v(-3) composite?
False
Let d = -34 + 49. Is d a composite number?
True
Let r = -6 + 10. Suppose -10 = -r*g - g. Suppose 3*x = 3*q + 126, 10*x + g*q = 5*x + 238. Is x a composite number?
True
Let m(q) = -34*q - 7. Let f(j) = 67*j + 15. Let k(o) = -2*f(o) - 5*m(o). Is k(8) a prime number?
True
Let r = 5365 + -2430. Suppose -c + r = 4*c. Is c composite?
False
Suppose -x + 17 + 254 = -2*b, -x + 543 = -4*b. Let d be b/(-14) + (-2)/(-7). Suppose -2*r - d = -40. Is r composite?
True
Suppose -3*p = 2*x - 0*x + 27, -x + 4*p = -3. Let t = -13 - x. Is 2/(-8) + (-85)/t prime?
False
Suppose 0 = -3*s + 1 - 4, -3*g + 15 = -3*s. Is g/(-28) + (-780)/(-21) prime?
True
Let r be (-2 + 0)/((-3)/6). Suppose -3*d + r*d + 1 = 0. Is d*(-6)/(-2) - -116 composite?
False
Suppose -5*u = 4*s + 15, -u - 2*u = 5*s + 22. Is (2/5 - u)*-10 a prime number?
False
Let x(p) = p**3 + 6*p**2 - 5*p - 9. Let h be x(-6). Let a = h + -5. Let o = a + 37. Is o composite?
False
Let h be (-42)/8 - (-2)/8. Is 201*((-5)/3)/h prime?
True
Let l(b) = -5 + 4*b - 2*b + 1. Is l(9) composite?
True
Let v(p) = 37*p**3 - 7*p**2 - 2*p - 11. Is v(6) a composite number?
False
Is (-3)/(-5) - 784/(-10) a prime number?
True
Let t(f) = -f**3 - 4. Let x(o) = -o**3 + 4*o**2 + 5*o. Let c be x(5). Let g be t(c). Is g/(-2) - 2 - -34 a composite number?
True
Suppose -4*b + 3286 = -294. Is b a composite number?
True
Let i = -470 - -837. Is i a composite number?
False
Suppose -5*s = x + 43, -3*s + 7*s = -12. Let g be x/(-3)*39/2. Suppose g + 53 = 5*j - 2*t, 2*t - 10 = 0. Is j composite?
True
Let c(w) = w**3 + w**2 - w + 134. Let q be c(0). Suppose -3*l + q = -r, l = 2*l. Is -2*3/12*r a prime number?
True
Suppose 0*v - 179 = -v. Is v a prime number?
True
Suppose 5*k = -4*v + 889, -v + 1 = -0. Is k a prime number?
False
Let m(c) be the second derivative of -c**4/12 - c**3 - 5*c**2/2 + 4*c. Let y be m(-4). Suppose -5*l = -y*b + 369 - 30, -5*l - 565 = -5*b. Is b prime?
True
Let c = -9720 - -13873. Is c a composite number?
False
Suppose j - 50 - 187 = 0. Is ((-3)/(9/j))/(-1) a prime number?
True
Suppose 5*x = -15, w - x = 4*x + 262. Suppose -5*i + 0*a + 4*a = -249, 0 = 5*i - 2*a - w. Is i a prime number?
False
Suppose -6*m + 345 = -3*m. Is m composite?
True
Is 747/(-6)*(-4)/3 prime?
False
Suppose 5*r - 4996 + 561 = 0. Is r a composite number?
False
Let p(j) = j + 8. Let u be p(-8). Suppose -2*m - 3*n + 458 = u, -3*m + 896 = m + n. Is m prime?
True
Let d = 2161 - 1274. Is d composite?
False
Let i(n) = n**2 + 7*n + 2. Let j be i(-7). Suppose -3*y + 35 = 5*r, j*y - 2*r - 36 = r. Suppose 3*x - 4*x + y = 0. Is x prime?
False
Let d(o) = 3*o**2 - o. Let s be d(-1). Is s*(41/4 - 1) a composite number?
False
Suppose -2*p + p = -97. Is p prime?
True
Let z = 2 + 0. Suppose -3*r + 109 = -3*w - 236, 2*r - 246 = -z*w. Is r composite?
True
Let s(g) = -3*g**3 - 4*g**2 - 4*g - 2. Is s(-2) a prime number?
False
Suppose -q + 7 = 3*h, 2*h - 4*h + 5*q - 1 = 0. Suppose -2*a + 812 = h*a. Is a prime?
False
Let d = 13 - 9. Suppose -5*w = -d*w - 77. Is w a composite number?
True
Let b be (3/(-6) - -3)*2. Suppose 513 = 3*h + h + 5*a, -640 = -5*h - b*a. Is h a prime number?
True
Suppose -3*n - o + 2098 + 3249 = 0, -o = 4*n - 7130. Is n a prime number?
True
Is 2*(-4 + 1324/8) a prime number?
False
Is 4/18 + (-37713)/(-27) prime?
False
Is (-211002)/(-78) - (-2)/(-13) a composite number?
True
Is 1 + 199 + 2 + 1 composite?
True
Let h(k) = k. Let l be h(2). Suppose -2*t + 146 = l*t - 2*o, -5*o - 32 = -t. Is t prime?
True
Let g = -728 - -1248. Let k = g + -11. Is k composite?
False
Suppose 5*t + 5*i = 1550, 2*i + 3*i = 15. Is t composite?
False
Is (-8628)/(-68) + (-8)/(-68) prime?
True
Let m be (59 - -1)/(-4) + 4. Is (-2)/m + (-603)/(-11) a prime number?
False
Let j(c) = -c**2 + 8*c - 9. Let x be j(6). Suppose -613 = -x*z - 5*n, 2*z - 3*n - 417